e prime factors of 154698034?
2, 4547, 17011
What are the prime factors of 29891118?
2, 3, 191, 26083
List the prime factors of 2149266.
2, 3, 7, 73, 701
What are the prime factors of 120821915?
5, 24164383
List the prime factors of 94641038.
2, 41, 1154159
List the prime factors of 262565754.
2, 3, 11, 3978269
List the prime factors of 21097340.
2, 5, 11, 17, 5641
List the prime factors of 52359003.
3, 19, 306193
List the prime factors of 212280484.
2, 13, 419, 9743
List the prime factors of 205730749.
7, 337, 87211
List the prime factors of 1895517667.
317, 5979551
List the prime factors of 53425268.
2, 13, 1027409
What are the prime factors of 2028372309?
3, 229, 521, 1889
What are the prime factors of 59498067?
3, 19832689
What are the prime factors of 7477355552?
2, 2039, 114599
List the prime factors of 301862302.
2, 7, 17, 353, 3593
What are the prime factors of 30139385?
5, 17, 354581
What are the prime factors of 5616962222?
2, 233, 1373, 8779
What are the prime factors of 3072164958?
2, 3, 170675831
What are the prime factors of 1515352010?
2, 5, 23, 6588487
List the prime factors of 1093864323.
3, 47, 7757903
What are the prime factors of 211801594?
2, 105900797
List the prime factors of 1022971287.
3, 13, 4483, 5851
List the prime factors of 55608627.
3, 421, 44029
What are the prime factors of 102158160?
2, 3, 5, 13, 137, 239
List the prime factors of 335125381.
1579, 212239
List the prime factors of 3812167440.
2, 3, 5, 947, 5591
What are the prime factors of 278120041?
59, 4713899
List the prime factors of 618651899.
577, 1072187
List the prime factors of 1517886822.
2, 3, 53, 4773229
What are the prime factors of 60049044?
2, 3, 11, 19, 23, 347
List the prime factors of 829973136.
2, 3, 17291107
List the prime factors of 523155927.
3, 7, 563, 44249
What are the prime factors of 571881349?
13, 439, 100207
List the prime factors of 41339918.
2, 263, 78593
What are the prime factors of 5246118198?
2, 3, 97150337
What are the prime factors of 3176803509?
3, 11, 96266773
List the prime factors of 285058827.
3, 31673203
What are the prime factors of 29516344?
2, 11, 13, 25801
List the prime factors of 407748662.
2, 2927, 69653
What are the prime factors of 138001539?
3, 13, 1439, 2459
What are the prime factors of 2565284065?
5, 513056813
What are the prime factors of 100985951?
11, 67, 263, 521
List the prime factors of 35150911.
3329, 10559
What are the prime factors of 88699011?
3, 19, 47, 113, 293
List the prime factors of 1166322024.
2, 3, 7, 43, 17939
What are the prime factors of 111499616?
2, 59, 73, 809
List the prime factors of 357978226.
2, 47, 1907, 1997
List the prime factors of 688491119.
59, 941, 12401
List the prime factors of 4801291150.
2, 5, 191, 251, 2003
List the prime factors of 40010036.
2, 11, 909319
List the prime factors of 1842088266.
2, 3, 19, 43, 125261
What are the prime factors of 54354536?
2, 6794317
What are the prime factors of 1389318614?
2, 149, 1087, 4289
What are the prime factors of 1793619357?
3, 17, 883, 39829
List the prime factors of 260963413.
17, 15350789
List the prime factors of 27606984.
2, 3, 163, 7057
What are the prime factors of 1901599277?
17, 43, 2601367
What are the prime factors of 6385118?
2, 107, 29837
What are the prime factors of 809867188?
2, 13, 31, 83, 6053
List the prime factors of 1066214879.
281, 3794359
What are the prime factors of 32635829?
1613, 20233
List the prime factors of 33614577.
3, 3734953
What are the prime factors of 590742050?
2, 5, 1361, 8681
What are the prime factors of 76748440?
2, 5, 83, 23117
List the prime factors of 308208290.
2, 5, 13, 2370833
What are the prime factors of 98793790?
2, 5, 43, 229753
What are the prime factors of 40986387?
3, 13, 26947
What are the prime factors of 43765015?
5, 7, 53, 23593
List the prime factors of 492719658.
2, 3, 103, 797281
What are the prime factors of 6512243171?
7, 930320453
List the prime factors of 4928450292.
2, 3, 1223, 37313
List the prime factors of 106319343.
3, 13, 17, 9433
What are the prime factors of 2802266667?
3, 83, 487, 7703
List the prime factors of 2574055833.
3, 17, 23, 2194421
List the prime factors of 2762759906.
2, 61, 271, 83563
List the prime factors of 201431833.
201431833
List the prime factors of 328671722.
2, 164335861
What are the prime factors of 87657819?
3, 433, 67481
What are the prime factors of 398781091?
398781091
What are the prime factors of 161897324?
2, 17, 71, 33533
What are the prime factors of 342237673?
342237673
List the prime factors of 832183986.
2, 3, 138697331
List the prime factors of 32847053.
29, 337, 3361
What are the prime factors of 101305810?
2, 5, 10130581
List the prime factors of 219208461.
3, 37, 1974851
List the prime factors of 213138200.
2, 5, 11, 19, 5099
List the prime factors of 108627210.
2, 3, 5, 53, 7591
List the prime factors of 27826356.
2, 3, 2318863
What are the prime factors of 23790011?
7, 3398573
What are the prime factors of 30744301?
7, 41, 107123
List the prime factors of 1292687586.
2, 3, 29, 43, 79
What are the prime factors of 3215601379?
3215601379
List the prime factors of 506806924.
2, 13, 17, 167, 3433
What are the prime factors of 1486215546?
2, 3, 59, 4198349
What are the prime factors of 104537472?
2, 3, 13, 43, 487
List the prime factors of 4070975200.
2, 5, 887, 5737
List the prime factors of 26829148.
2, 163, 41149
What are the prime factors of 312209190?
2, 3, 5, 3468991
What are the prime factors of 74821969?
74821969
List the prime factors of 28389970.
2, 5, 7, 431, 941
List the prime factors of 44852512.
2, 1401641
What are the prime factors of 160446?
2, 3, 11, 13, 17
What are the prime factors of 640200138?
2, 3, 6701, 15923
List the prime factors of 1208950467.
3, 7589, 53101
List the prime factors of 52201758.
2, 3, 7, 277, 641
What are the prime factors of 2554542397?
11, 6737, 34471
List the prime factors of 2520445339.
2520445339
What are the prime factors of 374529510?
2, 3, 5, 4161439
List the prime factors of 2317371045.
3, 5, 11, 41, 342553
What are the prime factors of 51756788?
2, 12939197
What are the prime factors of 837776547?
3, 173, 179357
List the prime factors of 5072181.
3, 1690727
What are the prime factors of 425397355?
5, 101, 842371
What are the prime factors of 629343994?
2, 7237, 43481
What are the prime factors of 2241205961?
2241205961
List the prime factors of 147955490.
2, 5, 2083, 7103
List the prime factors of 3293770223.
23, 2897, 49433
What are the prime factors of 195501634?
2, 367, 266351
What are the prime factors of 543733251?
3, 181244417
What are the prime factors of 86859394?
2, 79, 101, 5443
What are the prime factors of 732719520?
2, 3, 5, 13, 4349
What are the prime factors of 176406523?
31, 5690533
What are the prime factors of 661967381?
1523, 434647
List the prime factors of 1113788976.
2, 3, 23203937
List the prime factors of 410259942.
2, 3, 1301, 17519
List the prime factors of 155871863.
7, 73, 305033
List the prime factors of 1142205290.
2, 5, 114220529
List the prime factors of 7198823923.
1693, 4252111
List the prime factors of 31219215.
3, 5, 2081281
What are the prime factors of 73194135?
3, 5, 7, 697087
What are the prime factors of 55809420?
2, 3, 5, 930157
List the prime factors of 197977935.
3, 5, 31, 37, 311
What are the prime factors of 1294831?
19, 23, 2963
List the prime factors of 9744633.
3, 31, 53, 659
List the prime factors of 165877039.
165877039
What are the prime factors of 196741116?
2, 3, 11, 13, 12739
What are the prime factors of 72501962?
2, 13, 613, 4549
List the prime factors of 1708641413.
1708641413
What are the prime factors of 29970460?
2, 5, 13, 8867
What are the prime factors of 408420688?
2, 13, 29, 67709
List the prime factors of 36375405.
3, 5, 11, 19, 41, 283
What are the prime factors of 1486813649?
521, 971, 2939
What are the prime factors of 57541843?
57541843
What are the prime factors of 229834618?
2, 13, 59, 149827
List the prime factors of 35613074.
2, 7, 103, 24697
List the prime factors of 1644305896.
2, 43, 4779959
What are the prime factors of 10217601?
3, 601, 1889
What are the prime factors of 3549062300?
2, 5, 7, 5070089
List the prime factors of 25928293.
19, 103, 13249
What are the prime factors of 135805